. Suppose -5*b = -3*y + 43, 2*y + 3*b - 22 = 5*b. What is the remainder when u is divided by y?
4
Suppose -4 = 3*p - 4*p. Calculate the remainder when (-258)/(-4) + p/8 is divided by 17.
14
Suppose 0 = 5*k - 11 - 9. What is the remainder when 18 is divided by k?
2
Let a = -18 - -10. Let y = -2 - a. Let x(d) = d. What is the remainder when x(10) is divided by y?
4
Let r(y) = y**3 + 9*y**2 + 6*y + 1. What is the remainder when r(-8) is divided by 6?
5
Let a = -2 - -7. Suppose -2*i + 14 = -a*m, 4*m - 56 = -4*i - 0*i. Calculate the remainder when 0 + 105/(1 - -2) is divided by i.
11
Let b(d) = d**3 + 6*d**2 - 7*d - 9. Let h be b(-7). Let s = h + 18. Suppose -2*o + 4 = -2, 0 = -3*r - o + 75. What is the remainder when r is divided by s?
6
Suppose -4*u + 135 = u. Calculate the remainder when u is divided by (3/(-6))/((-2)/56).
13
Let q(j) = j + 5*j**2 - 1 - 5*j**2 + j**2. Suppose 0 = -2*v + 3*c + 3 - 4, 3*c - 5 = -2*v. What is the remainder when v is divided by q(1)?
0
Suppose -201*t + 197*t = -300. What is the remainder when t is divided by 11?
9
Suppose 4 = 3*i - i. What is the remainder when (9 - -1) + 0 + -2 is divided by (-5 + (2 - i))*-1?
3
Let z be ((-18)/8)/((-12)/32). Let o = z - 9. What is the remainder when 31 is divided by (1/(-3))/(o/99)?
9
Suppose -4*q + 7 = 5*l, 6*q + 8 = 2*q. Suppose l*a - 26 = -4*c, -16 = 2*a - 7*c + 3*c. Let b = 3 - 1. Calculate the remainder when b is divided by a.
0
Suppose 0 = u - 3*u - 8. Let d = 6 + u. Suppose 5*c = 4*g + 64, 4*g + 2 + d = 0. What is the remainder when 35 is divided by c?
11
Suppose -10 = -n + 2*b + 6, 3*b = -3*n + 3. Suppose -f + 2*f - 2*o = 10, -2*o + n = 0. What is the remainder when 46 is divided by f?
14
Calculate the remainder when (-3)/(-7) - (-1936)/154 is divided by 3.
1
Let y(f) = f - 5. Let j be y(6). Let l be j + (-2)/(-2) + 0. What is the remainder when (188/16)/(l/8) is divided by 16?
15
Let u(p) = 4*p**2 - 2*p. Calculate the remainder when 44 is divided by u(2).
8
Suppose h + 3*h - 60 = 0. Let w = 0 - -4. Calculate the remainder when h is divided by w.
3
Let z(p) = -4. Let w(v) = v + 8. Let m = 1 + 4. Let h(b) = m*z(b) + 2*w(b). What is the remainder when 17 is divided by h(5)?
5
Let r = 3 - -6. What is the remainder when 23 is divided by r?
5
Let o = -11 - -35. What is the remainder when o is divided by 13?
11
Suppose -4*l + 30 = -3*t - 148, -l + 37 = 3*t. Let s = l + -24. What is the remainder when 55 is divided by s?
17
Let q be 169/3 + 2/3. Suppose 5*h + q = 202. Suppose -4*y = -5*y - 2, -3*m + 2*y + 49 = 0. Calculate the remainder when h is divided by m.
14
Let r(j) = -j**2 + 7*j - 1. Calculate the remainder when 18 is divided by r(6).
3
Let s(n) = -n**3 - 3*n**3 + 5 - 8*n + 7*n**2 + 3*n**3. Let y(t) = -t**3 - 11*t**2 - 14*t + 3. What is the remainder when y(-10) is divided by s(5)?
13
Let n = 318 - 184. Suppose -10 = -2*c - 5*q, 0*c + c + 5*q = 0. What is the remainder when 25 is divided by n/c - (-6)/(-15)?
12
Suppose -2*z + 89 = q, 4*q - 5*z = -0*q + 356. Calculate the remainder when q is divided by 13.
11
What is the remainder when 80 is divided by (-81)/6*-1*8/4?
26
Let p = -216 + 331. What is the remainder when p is divided by 39?
37
Let k = 13 - 0. Let u = -20 + 57. What is the remainder when u is divided by k?
11
Let o(f) = -15*f**2 - f - 1. Let d be o(-1). Let u = 36 + d. Suppose -t = -2*s + 81, 6*s - s + t - 199 = 0. Calculate the remainder when s is divided by u.
19
Let i = 231 + -171. Calculate the remainder when i is divided by 13.
8
Suppose 2*f - 6 - 17 = h, -h = -3*f + 32. Let o(t) = -t**3 + 8*t**2 + 10*t + 2. Calculate the remainder when 31 is divided by o(f).
9
Suppose -128*p - 52 = -132*p. Calculate the remainder when 31 is divided by p.
5
Let o = 6 + -6. Suppose 0*a - 4*a + 68 = o. What is the remainder when 32 is divided by a?
15
Let v(w) = -77*w**2 + w. Let o be v(1). What is the remainder when (-1 + (-2 - -2))*o is divided by 26?
24
Let j(a) = a**2 + a - 3. Calculate the remainder when 65 is divided by j(4).
14
Suppose 2*o + 28 = 6*o. Calculate the remainder when 2/(o/(1484/8)) is divided by 14.
11
Let p = 43 + -28. What is the remainder when (-43)/1*(1 - 2) is divided by p?
13
Suppose 2*c + 104 = 3*q, -q - 2*c + 21 + 27 = 0. What is the remainder when q is divided by 8?
6
Let m(a) be the second derivative of 5*a**3/6 - 11*a**2/2 + a. Calculate the remainder when m(6) is divided by 5.
4
Calculate the remainder when 38 is divided by (-1 - (-75)/10)/((-1)/(-2)).
12
Let j(k) = k**2 - 3*k + 3. Let t(f) = -f**3 + 7*f**2 - 5*f - 5. Calculate the remainder when j(2) is divided by t(6).
0
Suppose 22 - 2 = 3*l + 2*u, -35 = -l + 5*u. What is the remainder when 18 is divided by l?
8
Suppose 0 = y - 2*y + 31. What is the remainder when 122 is divided by y?
29
Let v = 30 + -13. Let h(u) = 3*u**2 - u. What is the remainder when v is divided by h(2)?
7
Let c = 3 - 3. Suppose l + c*l = 35. Suppose -3*w = 3*a - 54, -2*a + 72 = 4*w + a. Calculate the remainder when l is divided by w.
17
Let f(n) = -n**2 + 9*n + 7. Let w be f(7). Let p = w - 1. What is the remainder when p is divided by 7?
6
Let k(r) = 7*r**2 - 2*r + 1. Suppose 3*y + 19 + 3 = 5*n, n - 3*y = 14. What is the remainder when k(n) is divided by 0 + 1/(1/9)?
7
Let c(d) = d**3 + 4*d**2 - 3*d + 1. Let u = 16 + -10. Let v be 6/((-21)/u + 2). Calculate the remainder when 38 is divided by c(v).
12
Let u(q) = -q - 11. Let m be u(-14). What is the remainder when (13/m)/((-3)/(-27)) is divided by 20?
19
Let x(i) be the second derivative of i**4/12 - i**3 - 5*i**2/2 + 3*i. Calculate the remainder when 21 is divided by x(8).
10
Let u(d) = d + 4. Suppose 0 = 3*h + 2*z - 20, h + 5*z + 15 + 0 = 0. Suppose -1 = 2*g + c - h, -3 = -3*c. What is the remainder when 14 is divided by u(g)?
6
Let n be (-32)/(-12) + (-3)/(-9). Suppose n*s = 5*z + 57, -4*s + 2*s = -5*z - 38. What is the remainder when 56 is divided by s?
18
Let r be 4/(-2) - -1*3. Let g(j) = -j + 1. Let q be g(r). Suppose x = -3*x + y + 3, q = -3*x - 2*y + 5. What is the remainder when x is divided by 1?
0
Let o(g) = -g**2 - 6*g + 4. Let c = -17 + 18. Let u = c + 6. Calculate the remainder when o(-4) is divided by u.
5
Let f be (-152)/5 - 2/(-5). Let i = 22 - f. Calculate the remainder when i is divided by 18.
16
Suppose -p + 3 = 0, -p - 117 - 255 = -5*n. What is the remainder when n is divided by 16?
11
Suppose q + 8 = 23. What is the remainder when 29 is divided by q?
14
Suppose 2*q - 12 = 18. Calculate the remainder when 89 is divided by q.
14
Let u(o) = -o**2 + 10*o - 14. Calculate the remainder when 7 is divided by u(8).
1
Suppose 5*t + 80 = 345. What is the remainder when t is divided by 7?
4
Suppose 9*p - 6*p - 57 = 0. What is the remainder when 74 is divided by p?
17
Let b be (-129)/(-5) + (-24)/30. Let i = 1 + -1. Suppose d = -i + b. Calculate the remainder when d is divided by 14.
11
Let z = -8 - -17. Suppose j - 4 = 4*u, -14 - 22 = 2*j + 3*u. Let b = -7 - j. Calculate the remainder when z is divided by b.
4
Let s be 6/(-4)*(-4)/(-3). Let q(x) = -9*x**3 + 3*x**2 + 4*x + 2. What is the remainder when q(s) is divided by 27?
24
Suppose -34 = -5*z - 5*w + 26, 3*w = 9. Calculate the remainder when z is divided by 6.
3
Suppose -3*l = -l. Suppose 3*i - 2*i - 17 = l. Calculate the remainder when 49 is divided by i.
15
Suppose 3*l + 4*u - 53 = 102, -3*l + 154 = 5*u. Calculate the remainder when l is divided by 14.
11
Let u = -26 - -36. Suppose -u = -4*y - y. What is the remainder when 5 is divided by y?
1
Suppose 0*r = 3*r - 2*m - 12, 0 = 5*r + 2*m - 20. Calculate the remainder when 30 is divided by r.
2
Suppose 2*c + 24 - 6 = 0. Let m(s) be the first derivative of -s**2 - 4*s - 15. Calculate the remainder when 54 is divided by m(c).
12
Let o = 9 + 4. Suppose 4*t - 3*t - o = 0. Let q(v) = 2*v**2 - 8*v. Calculate the remainder when q(6) is divided by t.
11
Let q(g) = -g**3 - 4*g**2 - 3*g - 5. Let t(h) = 3*h - 15. Calculate the remainder when q(-5) is divided by t(11).
17
Let l = -42 + 70. Calculate the remainder when 110 is divided by l.
26
Let r be ((-2)/(-6))/(5/45). Suppose -2*v - 5*q = -7*v + 175, r*v = q + 115. What is the remainder when v is divided by 14?
12
Suppose 0*d = -2*d + 6, d + 5 = -2*j. What is the remainder when 52 - (1 - 0/j) is divided by 18?